vative of -1 - t**2 + 3*t + 1/3*t**3. Let h(c) = -c - 2. Let x be h(-5). What is r(x)?
6
Let c(r) = r**3 + 3*r**2 + r. Suppose -1 = 3*f + 5. Give c(f).
2
Let v = 14 + -18. Let h(x) = x + 7. Let g be h(v). Let n(l) = 4*l - 3. Give n(g).
9
Suppose 0 = j + 2 + 5. Let m = -12 - j. Let c(s) = -s**3 - 5*s**2 - s - 4. What is c(m)?
1
Let m(u) be the second derivative of -u**3/6 - 5*u**2/2 - 3*u. Determine m(0).
-5
Let y be (-1 - (-9)/2)*-2. Let s = y + 10. Suppose 5*x = -s*f + 8, 36 = 5*x - f - 3*f. Let q(j) = j**2 - 3*j - 2. Determine q(x).
2
Let o(q) = -4*q**3 + q**2 + q. Suppose -8*l = -9*l - 1. Calculate o(l).
4
Let o(j) = -2*j**3 - 25*j**2 - 23*j + 9. Let l(b) = b**3 + 13*b**2 + 12*b - 5. Let a(m) = 7*l(m) + 4*o(m). Calculate a(-8).
1
Suppose 0*n + 3*z = -5*n - 2, -4*z = 5*n + 6. Let i(g) = -7*g**2 - 3*g + 2. Let o(x) = -x**2 - x + 1. Let w(c) = -i(c) + 5*o(c). Determine w(n).
7
Let u(d) = -d**3 - 2*d**2 - d - 1. Let p be (-18)/(-36) + 3/(-2). What is u(p)?
-1
Let p be (-1)/(2*2/(-4)). Let g be 0 + p + (5 - 2). Suppose -2*w + 6 = -g. Let l(h) = -h**2 + 3*h + 5. What is l(w)?
-5
Let g = 12 + -15. Let r(j) = -j**3 - j. Let n(y) = 2*y**3 + 6*y**2 - y - 6. Let q(s) = g*r(s) - n(s). Calculate q(5).
1
Let m(d) = d**2 + 9*d - 7. Let w be m(-10). Suppose 0*a - 4*z + 18 = 2*a, w*a - 3*z = 0. Let g(h) = h**2 + 4*h**3 + 1 - 3*h**a + h + 6*h**3. Give g(-1).
-6
Let u(g) be the third derivative of 0*g**3 + 0*g - 10*g**2 + 0 + 1/12*g**4. What is u(-3)?
-6
Let b(p) = 4*p + 9. Let v(k) = k + 1. Let r(x) = b(x) - 6*v(x). What is r(5)?
-7
Let p(s) = 4 + 0*s**2 + s**2 + 1859*s - 1865*s. Give p(6).
4
Let r(k) = 0*k - 5*k + k - 5 - 4*k + k**2. Calculate r(8).
-5
Let a be (-4)/6*(-30)/(-20). Let y(x) = -x**2 + x - 1. Let d(s) = s**2 + s - 1. Let o be 14/(-8) + 1/(-4). Let m(h) = a*d(h) + o*y(h). Determine m(3).
3
Let j(p) be the second derivative of p**4/12 - 5*p**3/6 - p**2 - 10*p. Let a(n) = n**3 - n - 2. Let l be a(2). Give j(l).
-6
Let o(m) = -m**3 - 7*m**2 - 6*m - 3. Let z be o(-6). Let h be (1 - z)*3/4. Let d(r) = r**3 - 14*r - 4*r**2 + 1 + 13*r + r**2. Calculate d(h).
-2
Let i(p) = -p**3 + 10*p**2 - 9*p + 4. Let d be i(9). Let u(q) = -11*q + d*q + 3*q. Let x = 0 - -1. What is u(x)?
-4
Let o(g) = -g**3 - g**2 + g + 2. Let w be o(0). Let h(t) = 0 - w*t**2 + 4 + 2*t - 6 + t. Give h(2).
-4
Let p(s) = s**2 - 6*s - 1. Let b be p(9). Suppose 4*f + b = 2*q, -q - f = -6*f - 28. Let g(o) = 38 + q*o**2 - 38. What is g(-1)?
3
Let s be (-17)/(-4) - 2/8. Suppose s*u + 15 = u. Let v(n) be the third derivative of n**6/120 + n**5/10 + n**4/6 + n**3/2 - 4*n**2. What is v(u)?
8
Let k = 26 + -26. Let g(f) = -5*f**2 - 39. Let m(b) = -b**2 - 8. Let p(x) = 2*g(x) - 11*m(x). Give p(k).
10
Let p(u) = -5*u**2 - 6*u**2 - 3*u**2 - u - 11*u - 2. Let f(r) = -5*r**2 - 4*r - 1. Let n(w) = -11*f(w) + 4*p(w). Determine n(-4).
3
Let q be 17/3 + (-1)/(-3). Suppose q = -4*r + r. Let g(b) be the first derivative of 2*b**3/3 - b**2 - 31. What is g(r)?
12
Suppose v + v - 8 = 0. Let f(h) be the third derivative of 1/12*h**4 - 2*h**2 + 0*h + 2/3*h**3 + 0. What is f(v)?
12
Let h(a) = -3*a**2 - 2*a. Suppose -7 = 5*i + 13. Let l be i/3*(-6)/(-4). Calculate h(l).
-8
Let k(q) = 1 - 6 + 0 + 1 + q. Determine k(4).
0
Let s be 7/4 + 6/(-8). Let l(w) = s + 1 - 2 - 4 - 4*w. Suppose 5*u = -15 - 0. What is l(u)?
8
Let x(q) be the second derivative of q**7/1260 - q**6/180 + q**5/60 + q**4/2 + q. Let w(n) be the third derivative of x(n). Determine w(3).
8
Suppose 4*g = y + 2*g + 6, 0 = -5*y + 5*g - 10. Let h be (-13)/5 + y/(-5). Let n(v) be the second derivative of v**4/12 + v**3/2 + v**2 + 12*v. What is n(h)?
2
Let a(g) be the second derivative of g**8/6720 - g**7/420 + g**6/240 + g**5/40 - 5*g**4/12 - 3*g. Let d(p) be the third derivative of a(p). Give d(5).
-7
Suppose 3*t - 2*a + 6 = -7*a, 2*t = 5*a - 4. Let q be (1 + t)*(5 + 0). Let n(z) be the third derivative of z**5/60 + z**4/6 - z**3 - z**2. Determine n(q).
-1
Let y = -22 + 25. Let l(n) = y + 0 + 38*n - 36*n. Calculate l(-6).
-9
Let f(d) = 2*d**2 + 3. Let h(b) = -6*b**2 - b - 10. Let g(c) = -7*f(c) - 2*h(c). Let a = 2 + 0. Calculate g(a).
-5
Let p(f) be the first derivative of -f**5/60 + f**4/4 + 4*f**3/3 - 1. Let b(d) be the third derivative of p(d). What is b(5)?
-4
Let b(o) be the second derivative of o**5/20 + o**4/4 + o**3/2 + 3*o**2/2 + o. Suppose 0 = 3*l - 0*l + 9. What is b(l)?
-6
Let p(a) = 0*a - 3*a - 4 + 4 - 1 - a**2. Let c be p(-4). Let g(u) = u**2 + 6*u + 2. Determine g(c).
-3
Let t(x) be the first derivative of -1 + 0*x**2 - 1/12*x**4 + x + 2/3*x**3. Let w(c) be the first derivative of t(c). Determine w(4).
0
Let v(f) = -f**2 - 6*f + 11. Let b = 12 - 20. What is v(b)?
-5
Let u(t) = 1 - 3*t + 1 + 7*t. Determine u(-3).
-10
Suppose -j + 5*b - 9 = 0, -j - b + 2*b = -3. Let d(g) = -2*g - 41 - 28 + 74. Calculate d(j).
-7
Let l(o) = -7*o - 9. Let m(t) = 8*t + 10. Let a(f) = 6*l(f) + 5*m(f). Determine a(-6).
8
Let v be (-4)/1 - (5 - 5). Let p(n) = n**3 + 5*n**2 + n - 2. What is p(v)?
10
Let b be 11/(0 + -5 + -2 + 6). Let a(h) = -h**3 - 12*h**2 - 11*h + 1. What is a(b)?
1
Let g(l) = 2*l - 1. Suppose 5*p = 6*p - 12. Suppose -5*k = j + p, 2*k = -5*j + 12 - 3. Determine g(k).
-7
Let s = -8 - -10. Let m(l) = -4*l - 2. What is m(s)?
-10
Let j(y) = -y + 6. Let f = 5 - 3. Suppose -g = -2*t + 11, 21 = 5*t + 2*g + f*g. Suppose t*i - 20 = -q, -3*i = 4*q - 0 + 5. Determine j(i).
1
Let o(i) = i**2 - 2*i - 2. Let z be o(0). Let w(s) = -s**2 - s - 1. Give w(z).
-3
Let d(i) = 5*i - 31. Let n be d(6). Let z(t) = -5*t**3 + t**2 + t. What is z(n)?
5
Suppose 2*m + 7 = g, 0*m - 3*m + 2*g = 8. Let l be m/(4*2/(-4)). Let r(s) = -2*s**2 + 4*s - 1. Determine r(l).
-7
Let b(y) = 0 - 3 + 4 + 0 - 6*y**2. Give b(-1).
-5
Let o(p) be the first derivative of p**4/4 - 2*p**3/3 - 2*p**2 + 3*p + 5. Give o(3).
0
Let y = -592 + 35521/60. Let d(z) be the third derivative of -1/30*z**5 - 3*z**2 + 0*z - 1/24*z**4 - y*z**6 + 0*z**3 + 0. Determine d(-2).
10
Let m be (4/(-6))/(6/(-27)). Let o(l) = 11 + m*l**3 - 11. Calculate o(-1).
-3
Let s(b) = 2*b + 5. Suppose 3*z - 5*p = -3, 5*z - 3*p + 11 = 22. What is s(z)?
13
Let f(u) = -u**2 + 14*u - 9. Suppose 4*i + 36 = 4*h, 9*i + 35 = 3*h + 8*i. Give f(h).
4
Let h(p) = -p - 1. Let q(a) = 2*a + 1. Let s(i) = -7*h(i) - 3*q(i). Give s(-6).
-2
Let j(t) = 2*t + t + 1 - t**2 - 2. Let h = 12 - 8. Calculate j(h).
-5
Suppose -2*l + 0*l = -4. Let u(a) = a**2 + a**3 - l + 0*a**3 + 2*a**2. Give u(-3).
-2
Let p(u) = 4*u - 26. Let f be p(6). Let g(j) be the first derivative of 3*j**2/2 + 1. What is g(f)?
-6
Let o be 0 - -1*(0 + 2). Let y(x) = 2*x**o + 1 + 2*x - x**2 - 8*x. Suppose -2*m - 2*m = -20. What is y(m)?
-4
Let x(c) be the third derivative of 0 + 0*c + 2*c**2 + 1/6*c**4 - 1/2*c**3 - 1/30*c**5. What is x(2)?
-3
Let k = 107 + -105. Let o(t) = -t**3 + 2*t**2 + t - 2. Determine o(k).
0
Let i(u) = -u**3 - 2*u**2 + u - 1. Let f(c) = -c**3 + 7*c**2 + 10*c - 11. Let s be f(8). Suppose -s*x + 5*d - 2*d = 25, -2*d + 10 = 0. Determine i(x).
-3
Let n(g) be the third derivative of g**6/120 + g**5/15 + g**4/24 + g**3/2 - 34*g**2. Suppose 18 - 3 = -5*v. Give n(v).
9
Suppose 5*z - 35 = 10*z. Let c(n) = -n - 4. Give c(z).
3
Let z(i) be the first derivative of i**3/3 + i**2/2 + 4*i - 2. Suppose 3*d = 2*n - 3, -2*n = -d - 3 + 2. Let y be (n*(-3)/6)/1. Calculate z(y).
4
Let c = -17 + 18. Let y(s) be the first derivative of -1/2*s**2 - c + 2*s. Calculate y(-5).
7
Let o = -26 + 32. Suppose m = -2*m - o. Let b(v) = -v**3 - 4*v**2 + v - 1. Determine b(m).
-11
Let q(a) = -7*a**2 - 2*a - 13. Let l(j) = -3*j**2 - j - 6. Let i(s) = 9*l(s) - 4*q(s). Determine i(2).
0
Let l(i) = i**3 - i**2. Suppose m - 4 = -2*d, -5*m + 1 = 2*d - 11. Let g(p) = -2*p**3 + 6*p**2 - 5*p + 2. Let f(h) = d*g(h) + l(h). Give f(3).
5
Let o(a) = -a**2 - 26*a - 1 + 27*a + 0*a**2. Give o(2).
-3
Suppose 55 = -3*l + 1. Let s = l + 13. Let z(r) = -r**3 - 4*r**2 + 7*r + 4. What is z(s)?
-6
Suppose 0 = -2*q - 3*r + 17, q - 3 = r - 2. Let w(c) = 7*c**2 - 6*c + 10. Let k(d) = -d**2 - 1. Let l(y) = -6*k(y) - w(y). Determine l(q).
4
Let u = 7 + 3. Suppose -s + u = 4*m, 3*m - 9 + 3 = 0. Let c(x) = -1 + 3 - 2*x**2 - s*x**2 + 3*x + 3*x**2. Give c(3).
2
Let l(f) = -f**2 + 5*f + 2. Let u be l(6). Let k be u/(-24) - (-46)/1